 what is -8 + 313?
306
In base 10, what is -1 - 75531?
-75532
In base 12, what is 282a73 + 4?
282a77
In base 16, what is -3 - -b79cb?
b79c8
In base 2, what is 1000110100 + 100000001?
1100110101
In base 5, what is 10 - -1032034?
1032044
In base 4, what is 2020303 - 22?
2020221
In base 8, what is -24 - 6743?
-6767
In base 6, what is -140354 + -4?
-140402
In base 5, what is 12024311 + -3?
12024303
In base 4, what is -331321 - -13?
-331302
In base 15, what is 14616 - -7?
1461d
In base 15, what is -1a + a3b?
a21
In base 10, what is -363 - -2099?
1736
In base 7, what is 4665 - 4563?
102
In base 12, what is -1b64 + 128?
-1a38
In base 14, what is 6b85 - -4?
6b89
In base 12, what is 102 + -a58?
-956
In base 10, what is -399951 + -2?
-399953
In base 11, what is -359364 + -1?
-359365
In base 14, what is -21c9 - -9?
-21c0
In base 15, what is -7b7 + -459?
-c21
In base 11, what is -15523 - -253?
-15280
In base 7, what is -114 + 126540?
126423
In base 14, what is 1144 - -14?
1158
In base 7, what is -52402 - -212?
-52160
In base 13, what is -750006 + -1?
-750007
In base 13, what is 3 - 88881?
-8887b
In base 4, what is 3 + 3101200?
3101203
In base 9, what is -1246 + 3?
-1243
In base 12, what is -3 + 321b7?
321b4
In base 16, what is -24f96 - -2?
-24f94
In base 16, what is -1e5 - -b?
-1da
In base 8, what is -5 - -63317?
63312
In base 12, what is -2925 + -2?
-2927
In base 9, what is 168 - 6745?
-6566
In base 8, what is -12762 + 57?
-12703
In base 9, what is 518 - -55?
574
In base 9, what is 1004 - -4?
1008
In base 15, what is cb49a - 5?
cb495
In base 3, what is 10 + 10212012002011?
10212012002021
In base 5, what is 31221 - -4140?
40411
In base 4, what is 103111322 - 2?
103111320
In base 16, what is -14 - 1d4?
-1e8
In base 8, what is -47 - 22563?
-22632
In base 7, what is 124 - 1045?
-621
In base 8, what is -650 + -1367?
-2237
In base 13, what is 29415 - -2?
29417
In base 10, what is -381857 - -2?
-381855
In base 9, what is 3 + 3087114?
3087117
In base 16, what is -12e - b6?
-1e4
In base 9, what is 200487 - 10?
200477
In base 16, what is 5c71 + 3?
5c74
In base 3, what is 2 + -122222200?
-122222121
In base 14, what is -6995a - 1?
-6995b
In base 16, what is -5 - -91fa?
91f5
In base 7, what is 6 + 1520?
1526
In base 11, what is -195817 + -2?
-195819
In base 3, what is -11 + -1002211021112?
-1002211021200
In base 13, what is -3076 - 2a?
-30a3
In base 9, what is -1 + -25070?
-25071
In base 11, what is 0 - -138311?
138311
In base 10, what is -99 - -365?
266
In base 16, what is 2568 - 108?
2460
In base 14, what is 76 + -9c?
-26
In base 4, what is -101220 - -3033?
-32121
In base 16, what is -3 - -d3e?
d3b
In base 9, what is -1835260 - -2?
-1835257
In base 4, what is -2 + 111320?
111312
In base 15, what is -b2 - c4?
-186
In base 11, what is -477262 - 4?
-477266
In base 7, what is 0 - -50121?
50121
In base 9, what is 221 - 10033?
-8712
In base 8, what is 162 + 217?
401
In base 7, what is -2 + -32355?
-32360
In base 10, what is 2 - -52580?
52582
In base 13, what is -3b - -276?
238
In base 9, what is -58452 - 4?
-58456
In base 5, what is 14442 - -1131?
21123
In base 12, what is 717048 - -5?
717051
In base 8, what is 0 + 151760?
151760
In base 12, what is -3471b - -17?
-34704
In base 15, what is 2ba0 + 105?
2ca5
In base 8, what is 37514 + -252?
37242
In base 16, what is -17 - 38ae8?
-38aff
In base 8, what is 1006 + 6233?
7241
In base 5, what is 2 + 11330423?
11330430
In base 8, what is 125241 - -43?
125304
In base 13, what is -60b9 + -23?
-610c
In base 3, what is 102012120120 + -11?
102012120102
In base 4, what is 200212 + 2?
200220
In base 6, what is -40 + 2545?
2505
In base 5, what is 1 + 11000104?
11000110
In base 16, what is 13b1 + -21?
1390
In base 16, what is 57a2 - 2?
57a0
In base 8, what is -5 + 1015065?
1015060
In base 14, what is 39 - 5988?
-594d
In base 4, what is 1201012010 - -102?
1201012112
In base 7, what is 1100 - -1330?
2430
In base 7, what is 2 + 23325?
23330
In base 14, what is 1a04 - 7?
19db
In base 8, what is 5 - -154506?
154513
In base 6, what is -22 - -13030?
13004
In base 10, what is -200 + -20?
-220
In base 2, what is 10101111011 + -101111?
10101001100
In base 15, what is -965 - -4?
-961
In base 10, what is -7 - -8638?
8631
In base 4, what is -1210 + -1220?
-3030
In base 2, what is 100000 + -110111000001?
-110110100001
In base 6, what is 4333 + -3014?
1315
In base 12, what is -9988 - -6?
-9982
In base 2, what is 110111 + -101100100111?
-101011110000
In base 16, what is c + 893?
89f
In base 9, what is 8045770 - 0?
8045770
In base 4, what is -3 + 22230033?
22230030
In base 15, what is -d3a + -3?
-d3d
In base 16, what is -4e1 - 7f6?
-cd7
In base 15, what is 53 + 5c?
b0
In base 11, what is -18983 + -5?
-18988
In base 3, what is -1100 + -1000212?
-1002012
In base 14, what is 1c6 + 3c?
224
In base 2, what is 1 + -11001001100101100011?
-11001001100101100010
In base 4, what is -22310120 + -3?
-22310123
In base 8, what is -3617 + 2365?
-1232
In base 2, what is 100101110 - -1011001?
110000111
In base 9, what is -7231 - 3?
-7234
In base 6, what is -5 - -4415304?
4415255
In base 14, what is -36 - -2b9?
283
In base 4, what is -2123 - 103013?
-111202
In base 13, what is 1 + bca?
bcb
In base 11, what is -5 - -a5164?
a515a
In base 13, what is -5 + 7b78?
7b73
In base 2, what is 1010111010101 + -101?
1010111010000
In base 6, what is 32 + -22504?
-22432
In base 12, what is -b443 + -37?
-b47a
In base 15, what is -196c + e?
-195d
In base 8, what is -4 - -36125?
36121
In base 12, what is -3 + -241bb?
-24202
In base 13, what is -a3c8 - 3?
-a3cb
In base 5, what is -341 + -1122113?
-1123004
In base 14, what is -805 - -1002?
5db
In base 6, what is 351 + -4121?
-3330
In base 7, what is 20122164 + -3?
20122161
In base 7, what is -105 + 261114?
261006
In base 12, what is 2 - -15108?
1510a
In base 12, what is 1a647 - -4?
1a64b
In base 3, what is 0 - 1102111002?
-1102111002
In base 2, what is 0 + -1100110010111111?
-1100110010111111
In base 5, what is -3 + -402112003?
-402112011
In base 9, what is -76 - 48005?
-48082
In base 7, what is -620162 + 1?
-620161
In base 4, what is -31311 + -2222?
-100133
In base 5, what is -24 + 23333142?
23333113
In base 9, what is 32 - 8485?
-8453
In base 2, what is -10100101111111011 + 111?
-10100101111110100
In base 11, what is -30011 - 144?
-30155
In base 9, what is -71 - 37470?
-37551
In base 2, what is -110010011 - 10?
-110010101
In base 15, what is -44417 - -8?
-4440e
In base 13, what is 8 - -1c082?
1c08a
In base 16, what is 9 - 116?
-10d
In base 11, what is 19686 - 7?
1967a
In base 16, what is 3 - 5a0?
-59d
In base 14, what is -8 + 9071?
9067
In base 9, what is -1 - -164630?
164628
In base 14, what is -d6 + -108?
-200
In base 3, what is 22220 - -11001?
110221
In base 10, what is -1 + -437946?
-437947
In base 13, what is 7 + 1bc7?
1c01
In base 15, what is -84 - -6a8?
624
In base 16, what is -d + -7b?
-88
In base 16, what is -1 - -347e?
347d
In base 15, what is -5b33 - 20?
-5b53
In base 11, what is 125772 - 3?
12576a
In base 7, what is 1 + 2563?
2564
In base 8, what is -2714366 + 3?
-2714363
In base 8, what is 403 + -76?
305
In base 6, what is -325 - 1311?
-2040
In base 6, what is -310453 - -31?
-310422
In base 3, what is -10201020 - -2020?
-10122000
In base 15, what is -38 - -6cc?
694
In base 14, what is 5 - b6ad?
-b6a8
In base 6, what is -5111 + 3213?
-1454
In base 4, what is -1032312 - 11?
-1032323
In base 5, what is 41041 - -42?
41133
In base 3, what is 2121021020 + -1012?
2121020001
In base 15, what is 1 + -732b?
-732a
In base 13, what is 3 + 4a377?
4a37a
In base 14, what is 5 - -19d13?
19d18
In base 16, what is -3cc38 - -2?
-3cc36
In base 13, what is 227 - 176?
81
In base 9, what is 1171 + 3476?
4657
In base 16, what is -75d + -1?
-75e
In base 12, what is 30 - 8806?
-8796
In base 3, what is 22200002 - -22012?
22222021
In base 14, what is b11 - -262?
d73
In base 2, what is 1 + 11010011100100001?
11010011100100010
In base 9, what is 4705 - -100?
4805
In base 5, what is -1341343 + -24?
-1341422
In base 11, what is 5 - -77703?
77708
In base 7, what is -2606110 + 2?
-2606105
In base 6, what is 5252105 + -1?
5252104
In base 5, what is 12 + 10414122?
10414134
In base 13, what is 6 - 2182?
-2179
In base 3, what is 20002 + 100211?
120220
In base 